Last updated on 2024-05-04 09:49:52 CEST.
Flavor | Version | Tinstall | Tcheck | Ttotal | Status | Flags |
---|---|---|---|---|---|---|
r-devel-linux-x86_64-debian-clang | 0.3.0 | 10.93 | 71.29 | 82.22 | OK | |
r-devel-linux-x86_64-debian-gcc | 0.3.0 | 8.45 | 54.72 | 63.17 | OK | |
r-devel-linux-x86_64-fedora-clang | 0.3.0 | 104.28 | NOTE | |||
r-devel-linux-x86_64-fedora-gcc | 0.3.0 | 107.02 | OK | |||
r-devel-windows-x86_64 | 0.3.0 | 9.00 | 87.00 | 96.00 | NOTE | |
r-patched-linux-x86_64 | 0.3.0 | 8.91 | 70.36 | 79.27 | OK | |
r-release-linux-x86_64 | 0.3.0 | 8.47 | 68.62 | 77.09 | OK | |
r-release-macos-arm64 | 0.3.0 | 41.00 | NOTE | |||
r-release-windows-x86_64 | 0.3.0 | 7.00 | 85.00 | 92.00 | NOTE | |
r-oldrel-macos-arm64 | 0.3.0 | 44.00 | NOTE | |||
r-oldrel-macos-x86_64 | 0.3.0 | 113.00 | NOTE | |||
r-oldrel-windows-x86_64 | 0.3.0 | 10.00 | 91.00 | 101.00 | NOTE |
Version: 0.3.0
Check: installed package size
Result: NOTE
installed size is 17.6Mb
sub-directories of 1Mb or more:
data 1.2Mb
doc 1.3Mb
extdata 14.8Mb
Flavors: r-devel-linux-x86_64-fedora-clang, r-devel-windows-x86_64, r-release-macos-arm64, r-release-windows-x86_64, r-oldrel-macos-arm64, r-oldrel-macos-x86_64, r-oldrel-windows-x86_64