Last updated on 2024-05-04 13:49:23 CEST.
Flavor | Version | Tinstall | Tcheck | Ttotal | Status | Flags |
---|---|---|---|---|---|---|
r-devel-linux-x86_64-debian-clang | 1.6 | 0.34 | 2.14 | 2.48 | ERROR | |
r-devel-linux-x86_64-debian-gcc | 1.6 | 27.27 | 194.15 | 221.42 | OK | |
r-devel-linux-x86_64-fedora-clang | 1.6 | 393.35 | OK | |||
r-devel-linux-x86_64-fedora-gcc | 1.6 | 329.54 | OK | |||
r-devel-windows-x86_64 | 1.6 | 26.00 | 190.00 | 216.00 | OK | |
r-patched-linux-x86_64 | 1.6 | 32.77 | 253.05 | 285.82 | OK | |
r-release-linux-x86_64 | 1.6 | 20.46 | 246.67 | 267.13 | OK | |
r-release-macos-arm64 | 1.6 | 86.00 | OK | |||
r-release-macos-x86_64 | 1.6 | 283.00 | OK | |||
r-release-windows-x86_64 | 1.6 | 26.00 | 184.00 | 210.00 | OK | |
r-oldrel-macos-arm64 | 1.6 | 91.00 | OK | |||
r-oldrel-macos-x86_64 | 1.6 | 303.00 | OK | |||
r-oldrel-windows-x86_64 | 1.6 | 32.00 | 227.00 | 259.00 | OK |
Version: 1.6
Check: package dependencies
Result: ERROR
Package required but not available: ‘sva’
See section ‘The DESCRIPTION file’ in the ‘Writing R Extensions’
manual.
Flavor: r-devel-linux-x86_64-debian-clang