Last updated on 2024-05-04 13:49:23 CEST.
Flavor | Version | Tinstall | Tcheck | Ttotal | Status | Flags |
---|---|---|---|---|---|---|
r-devel-linux-x86_64-debian-clang | 1.2.1 | 3.51 | 39.14 | 42.65 | NOTE | |
r-devel-linux-x86_64-debian-gcc | 1.2.1 | 2.50 | 29.85 | 32.35 | NOTE | |
r-devel-linux-x86_64-fedora-clang | 1.2.1 | 52.92 | NOTE | |||
r-devel-linux-x86_64-fedora-gcc | 1.2.1 | 63.26 | NOTE | |||
r-devel-windows-x86_64 | 1.2.1 | 5.00 | 51.00 | 56.00 | NOTE | |
r-patched-linux-x86_64 | 1.2.1 | 2.67 | 36.68 | 39.35 | NOTE | |
r-release-linux-x86_64 | 1.2.1 | 2.05 | 37.20 | 39.25 | NOTE | |
r-release-macos-arm64 | 1.2.1 | 29.00 | NOTE | |||
r-release-windows-x86_64 | 1.2.1 | 4.00 | 51.00 | 55.00 | NOTE | |
r-oldrel-macos-arm64 | 1.2.1 | 26.00 | NOTE | |||
r-oldrel-macos-x86_64 | 1.2.1 | 39.00 | NOTE | |||
r-oldrel-windows-x86_64 | 1.2.1 | 5.00 | 51.00 | 56.00 | NOTE |
Version: 1.2.1
Check: DESCRIPTION meta-information
Result: NOTE
Malformed Description field: should contain one or more complete sentences.
Flavors: r-devel-linux-x86_64-debian-clang, r-devel-linux-x86_64-debian-gcc, r-devel-linux-x86_64-fedora-clang, r-devel-linux-x86_64-fedora-gcc, r-devel-windows-x86_64, r-patched-linux-x86_64, r-release-linux-x86_64, r-release-macos-arm64, r-release-windows-x86_64, r-oldrel-macos-arm64, r-oldrel-macos-x86_64, r-oldrel-windows-x86_64