Last updated on 2024-05-04 13:49:23 CEST.
Flavor | Version | Tinstall | Tcheck | Ttotal | Status | Flags |
---|---|---|---|---|---|---|
r-devel-linux-x86_64-debian-clang | 0.7 | 10.29 | 132.90 | 143.19 | OK | |
r-devel-linux-x86_64-debian-gcc | 0.7 | 10.69 | 97.73 | 108.42 | OK | |
r-devel-linux-x86_64-fedora-clang | 0.7 | 177.07 | NOTE | |||
r-devel-linux-x86_64-fedora-gcc | 0.7 | 166.62 | OK | |||
r-devel-windows-x86_64 | 0.7 | 11.00 | 113.00 | 124.00 | OK | |
r-patched-linux-x86_64 | 0.7 | 11.05 | 124.59 | 135.64 | OK | |
r-release-linux-x86_64 | 0.7 | 11.34 | 120.98 | 132.32 | OK | |
r-release-macos-arm64 | 0.7 | 51.00 | OK | |||
r-release-macos-x86_64 | 0.7 | 128.00 | OK | |||
r-release-windows-x86_64 | 0.7 | 11.00 | 113.00 | 124.00 | OK | |
r-oldrel-macos-arm64 | 0.7 | 58.00 | OK | |||
r-oldrel-macos-x86_64 | 0.7 | 136.00 | OK | |||
r-oldrel-windows-x86_64 | 0.7 | 14.00 | 146.00 | 160.00 | OK |
Version: 0.7
Check: Rd cross-references
Result: NOTE
Undeclared package ‘randomForest’ in Rd xrefs
Flavor: r-devel-linux-x86_64-fedora-clang