Last updated on 2024-05-04 09:49:53 CEST.
Flavor | Version | Tinstall | Tcheck | Ttotal | Status | Flags |
---|---|---|---|---|---|---|
r-devel-linux-x86_64-debian-clang | 1.3.3 | 7.32 | 107.32 | 114.64 | OK | |
r-devel-linux-x86_64-debian-gcc | 1.3.3 | 5.37 | 78.70 | 84.07 | OK | |
r-devel-linux-x86_64-fedora-clang | 1.3.3 | 148.59 | NOTE | |||
r-devel-linux-x86_64-fedora-gcc | 1.3.3 | 147.23 | OK | |||
r-devel-windows-x86_64 | 1.3.3 | 9.00 | 114.00 | 123.00 | OK | |
r-patched-linux-x86_64 | 1.3.3 | 7.51 | 98.25 | 105.76 | OK | |
r-release-linux-x86_64 | 1.3.3 | 8.04 | 102.59 | 110.63 | OK | |
r-release-macos-arm64 | 1.3.3 | 48.00 | OK | |||
r-release-macos-x86_64 | 1.3.3 | 123.00 | OK | |||
r-release-windows-x86_64 | 1.3.3 | 9.00 | 108.00 | 117.00 | OK | |
r-oldrel-macos-arm64 | 1.3.3 | 52.00 | OK | |||
r-oldrel-macos-x86_64 | 1.3.3 | 103.00 | OK | |||
r-oldrel-windows-x86_64 | 1.3.3 | 10.00 | 123.00 | 133.00 | OK |
Version: 1.3.3
Check: Rd cross-references
Result: NOTE
Undeclared package ‘rlang’ in Rd xrefs
Flavor: r-devel-linux-x86_64-fedora-clang