Last updated on 2024-05-04 13:49:23 CEST.
Flavor | Version | Tinstall | Tcheck | Ttotal | Status | Flags |
---|---|---|---|---|---|---|
r-devel-linux-x86_64-debian-clang | 0.2.2 | 5.39 | 48.00 | 53.39 | NOTE | |
r-devel-linux-x86_64-debian-gcc | 0.2.2 | 4.01 | 36.80 | 40.81 | NOTE | |
r-devel-linux-x86_64-fedora-clang | 0.2.2 | 69.68 | NOTE | |||
r-devel-linux-x86_64-fedora-gcc | 0.2.2 | 76.01 | NOTE | |||
r-devel-windows-x86_64 | 0.2.2 | 6.00 | 59.00 | 65.00 | NOTE | |
r-patched-linux-x86_64 | 0.2.2 | 4.70 | 44.98 | 49.68 | NOTE | |
r-release-linux-x86_64 | 0.2.2 | 4.03 | 46.79 | 50.82 | NOTE | |
r-release-macos-arm64 | 0.2.2 | 32.00 | NOTE | |||
r-release-windows-x86_64 | 0.2.2 | 6.00 | 60.00 | 66.00 | NOTE | |
r-oldrel-macos-arm64 | 0.2.2 | 31.00 | NOTE | |||
r-oldrel-macos-x86_64 | 0.2.2 | 43.00 | NOTE | |||
r-oldrel-windows-x86_64 | 0.2.2 | 6.00 | 63.00 | 69.00 | NOTE |
Version: 0.2.2
Check: LazyData
Result: NOTE
'LazyData' is specified without a 'data' directory
Flavors: r-devel-linux-x86_64-debian-clang, r-devel-linux-x86_64-debian-gcc, r-devel-linux-x86_64-fedora-clang, r-devel-linux-x86_64-fedora-gcc, r-devel-windows-x86_64, r-patched-linux-x86_64, r-release-linux-x86_64, r-release-macos-arm64, r-release-windows-x86_64, r-oldrel-macos-arm64, r-oldrel-macos-x86_64, r-oldrel-windows-x86_64