Last updated on 2024-05-04 13:49:23 CEST.
Flavor | Version | Tinstall | Tcheck | Ttotal | Status | Flags |
---|---|---|---|---|---|---|
r-devel-linux-x86_64-debian-clang | 1.0.0 | 0.77 | 2.53 | 3.30 | ERROR | |
r-devel-linux-x86_64-debian-gcc | 1.0.0 | 22.70 | 197.53 | 220.23 | OK | |
r-devel-linux-x86_64-fedora-clang | 1.0.0 | 374.03 | OK | |||
r-devel-linux-x86_64-fedora-gcc | 1.0.0 | 330.04 | OK | |||
r-devel-windows-x86_64 | 1.0.0 | 23.00 | 201.00 | 224.00 | OK | |
r-patched-linux-x86_64 | 1.0.0 | 24.80 | 256.65 | 281.45 | OK | |
r-release-linux-x86_64 | 1.0.0 | 18.43 | 247.82 | 266.25 | OK | |
r-release-macos-arm64 | 1.0.0 | 96.00 | OK | |||
r-release-macos-x86_64 | 1.0.0 | 190.00 | OK | |||
r-release-windows-x86_64 | 1.0.0 | 23.00 | 208.00 | 231.00 | OK | |
r-oldrel-macos-arm64 | 1.0.0 | 104.00 | OK | |||
r-oldrel-macos-x86_64 | 1.0.0 | 158.00 | OK | |||
r-oldrel-windows-x86_64 | 1.0.0 | 31.00 | 259.00 | 290.00 | OK |
Version: 1.0.0
Check: package dependencies
Result: ERROR
Package required but not available: ‘Rsamtools’
See section ‘The DESCRIPTION file’ in the ‘Writing R Extensions’
manual.
Flavor: r-devel-linux-x86_64-debian-clang