Last updated on 2024-05-04 13:49:23 CEST.
Flavor | Version | Tinstall | Tcheck | Ttotal | Status | Flags |
---|---|---|---|---|---|---|
r-devel-linux-x86_64-debian-clang | 1.5 | 5.75 | 65.31 | 71.06 | NOTE | |
r-devel-linux-x86_64-debian-gcc | 1.5 | 6.01 | 49.70 | 55.71 | NOTE | |
r-devel-linux-x86_64-fedora-clang | 1.5 | 90.25 | NOTE | |||
r-devel-linux-x86_64-fedora-gcc | 1.5 | 88.42 | NOTE | |||
r-devel-windows-x86_64 | 1.5 | 7.00 | 64.00 | 71.00 | NOTE | |
r-patched-linux-x86_64 | 1.5 | 7.30 | 62.18 | 69.48 | NOTE | |
r-release-linux-x86_64 | 1.5 | 6.47 | 62.46 | 68.93 | NOTE | |
r-release-macos-arm64 | 1.5 | 30.00 | NOTE | |||
r-release-windows-x86_64 | 1.5 | 8.00 | 65.00 | 73.00 | NOTE | |
r-oldrel-macos-arm64 | 1.5 | 31.00 | NOTE | |||
r-oldrel-macos-x86_64 | 1.5 | 51.00 | NOTE | |||
r-oldrel-windows-x86_64 | 1.5 | 9.00 | 76.00 | 85.00 | NOTE |
Version: 1.5
Check: LazyData
Result: NOTE
'LazyData' is specified without a 'data' directory
Flavors: r-devel-linux-x86_64-debian-clang, r-devel-linux-x86_64-debian-gcc, r-devel-linux-x86_64-fedora-clang, r-devel-linux-x86_64-fedora-gcc, r-devel-windows-x86_64, r-patched-linux-x86_64, r-release-linux-x86_64, r-release-macos-arm64, r-release-windows-x86_64, r-oldrel-macos-arm64, r-oldrel-macos-x86_64, r-oldrel-windows-x86_64