Last updated on 2024-05-04 13:49:23 CEST.
Flavor | Version | Tinstall | Tcheck | Ttotal | Status | Flags |
---|---|---|---|---|---|---|
r-devel-linux-x86_64-debian-clang | 0.2.0 | 71.57 | 31.09 | 102.66 | NOTE | |
r-devel-linux-x86_64-debian-gcc | 0.2.0 | 47.79 | 23.89 | 71.68 | NOTE | |
r-devel-linux-x86_64-fedora-clang | 0.2.0 | 161.35 | NOTE | |||
r-devel-linux-x86_64-fedora-gcc | 0.2.0 | 134.31 | NOTE | |||
r-devel-windows-x86_64 | 0.2.0 | 54.00 | 67.00 | 121.00 | NOTE | |
r-patched-linux-x86_64 | 0.2.0 | 65.19 | 30.60 | 95.79 | NOTE | |
r-release-linux-x86_64 | 0.2.0 | 65.31 | 30.30 | 95.61 | NOTE | |
r-release-macos-arm64 | 0.2.0 | 31.00 | NOTE | |||
r-release-windows-x86_64 | 0.2.0 | 52.00 | 63.00 | 115.00 | NOTE | |
r-oldrel-macos-arm64 | 0.2.0 | 39.00 | NOTE | |||
r-oldrel-macos-x86_64 | 0.2.0 | 61.00 | NOTE | |||
r-oldrel-windows-x86_64 | 0.2.0 | 54.00 | 72.00 | 126.00 | NOTE |
Version: 0.2.0
Check: C++ specification
Result: NOTE
Specified C++11: please drop specification unless essential
Flavors: r-devel-linux-x86_64-debian-clang, r-devel-linux-x86_64-debian-gcc, r-devel-linux-x86_64-fedora-clang, r-devel-linux-x86_64-fedora-gcc, r-devel-windows-x86_64, r-patched-linux-x86_64, r-release-linux-x86_64, r-release-macos-arm64, r-release-windows-x86_64, r-oldrel-macos-arm64, r-oldrel-macos-x86_64, r-oldrel-windows-x86_64
Version: 0.2.0
Check: data for non-ASCII characters
Result: NOTE
Note: found 548 marked UTF-8 strings
Flavors: r-devel-linux-x86_64-fedora-clang, r-devel-linux-x86_64-fedora-gcc