Last updated on 2024-05-04 05:50:37 CEST.
Flavor | Version | Tinstall | Tcheck | Ttotal | Status | Flags |
---|---|---|---|---|---|---|
r-devel-linux-x86_64-debian-clang | 1.0.0 | 2.26 | 34.51 | 36.77 | NOTE | |
r-devel-linux-x86_64-fedora-clang | 1.0.0 | 46.12 | NOTE | |||
r-devel-linux-x86_64-fedora-gcc | 1.0.0 | 44.49 | NOTE | |||
r-devel-windows-x86_64 | 1.0.0 | 4.00 | 46.00 | 50.00 | NOTE | |
r-patched-linux-x86_64 | 1.0.0 | 2.99 | 33.26 | 36.25 | NOTE | |
r-release-linux-x86_64 | 1.0.0 | 3.61 | 32.98 | 36.59 | NOTE | |
r-release-macos-arm64 | 1.0.0 | 18.00 | NOTE | |||
r-release-windows-x86_64 | 1.0.0 | 4.00 | 45.00 | 49.00 | NOTE | |
r-oldrel-macos-arm64 | 1.0.0 | 19.00 | NOTE | |||
r-oldrel-macos-x86_64 | 1.0.0 | 26.00 | NOTE | |||
r-oldrel-windows-x86_64 | 1.0.0 | 4.00 | 46.00 | 50.00 | NOTE |
Version: 1.0.0
Check: DESCRIPTION meta-information
Result: NOTE
Malformed Title field: should not end in a period.
Flavors: r-devel-linux-x86_64-debian-clang, r-devel-linux-x86_64-fedora-clang, r-devel-linux-x86_64-fedora-gcc, r-devel-windows-x86_64, r-patched-linux-x86_64, r-release-linux-x86_64, r-release-macos-arm64, r-release-windows-x86_64, r-oldrel-macos-arm64, r-oldrel-macos-x86_64, r-oldrel-windows-x86_64