Last updated on 2024-05-04 09:49:53 CEST.
Flavor | Version | Tinstall | Tcheck | Ttotal | Status | Flags |
---|---|---|---|---|---|---|
r-devel-linux-x86_64-debian-clang | 0.1.6 | 2.24 | 22.44 | 24.68 | NOTE | |
r-devel-linux-x86_64-debian-gcc | 0.1.6 | 1.75 | 17.30 | 19.05 | NOTE | |
r-devel-linux-x86_64-fedora-clang | 0.1.6 | 31.47 | NOTE | |||
r-devel-linux-x86_64-fedora-gcc | 0.1.6 | 29.39 | NOTE | |||
r-devel-windows-x86_64 | 0.1.6 | 4.00 | 39.00 | 43.00 | NOTE | |
r-patched-linux-x86_64 | 0.1.6 | 1.66 | 21.78 | 23.44 | NOTE | |
r-release-linux-x86_64 | 0.1.6 | 2.05 | 20.92 | 22.97 | NOTE | |
r-release-macos-arm64 | 0.1.6 | 15.00 | NOTE | |||
r-release-windows-x86_64 | 0.1.6 | 4.00 | 40.00 | 44.00 | NOTE | |
r-oldrel-macos-arm64 | 0.1.6 | 17.00 | NOTE | |||
r-oldrel-macos-x86_64 | 0.1.6 | 19.00 | NOTE | |||
r-oldrel-windows-x86_64 | 0.1.6 | 4.00 | 40.00 | 44.00 | NOTE |
Version: 0.1.6
Check: LazyData
Result: NOTE
'LazyData' is specified without a 'data' directory
Flavors: r-devel-linux-x86_64-debian-clang, r-devel-linux-x86_64-debian-gcc, r-devel-linux-x86_64-fedora-clang, r-devel-linux-x86_64-fedora-gcc, r-devel-windows-x86_64, r-patched-linux-x86_64, r-release-linux-x86_64, r-release-macos-arm64, r-release-windows-x86_64, r-oldrel-macos-arm64, r-oldrel-macos-x86_64, r-oldrel-windows-x86_64