Last updated on 2024-05-04 13:49:24 CEST.
Flavor | Version | Tinstall | Tcheck | Ttotal | Status | Flags |
---|---|---|---|---|---|---|
r-devel-linux-x86_64-debian-clang | 0.7-8 | 2.56 | 42.22 | 44.78 | NOTE | |
r-devel-linux-x86_64-debian-gcc | 0.7-8 | 2.14 | 33.29 | 35.43 | NOTE | |
r-devel-linux-x86_64-fedora-clang | 0.7-8 | 58.50 | NOTE | |||
r-devel-linux-x86_64-fedora-gcc | 0.7-8 | 54.67 | NOTE | |||
r-devel-windows-x86_64 | 0.7-8 | 4.00 | 56.00 | 60.00 | NOTE | |
r-patched-linux-x86_64 | 0.7-8 | 3.83 | 39.97 | 43.80 | NOTE | |
r-release-linux-x86_64 | 0.7-8 | 2.95 | 40.50 | 43.45 | NOTE | |
r-release-macos-arm64 | 0.7-8 | 25.00 | NOTE | |||
r-release-windows-x86_64 | 0.7-8 | 4.00 | 54.00 | 58.00 | NOTE | |
r-oldrel-macos-arm64 | 0.7-8 | 30.00 | NOTE | |||
r-oldrel-macos-x86_64 | 0.7-8 | 33.00 | NOTE | |||
r-oldrel-windows-x86_64 | 0.7-8 | 3.00 | 59.00 | 62.00 | NOTE |
Version: 0.7-8
Check: Rd files
Result: NOTE
checkRd: (-1) randomVarImpsRFplot.Rd:97: Escaped LaTeX specials: \&
checkRd: (-1) varSelImpSpecRF.Rd:83: Escaped LaTeX specials: \&
Flavors: r-devel-linux-x86_64-debian-clang, r-devel-linux-x86_64-debian-gcc, r-devel-linux-x86_64-fedora-clang, r-devel-linux-x86_64-fedora-gcc, r-devel-windows-x86_64, r-patched-linux-x86_64, r-release-linux-x86_64, r-release-macos-arm64, r-release-windows-x86_64, r-oldrel-macos-arm64, r-oldrel-macos-x86_64, r-oldrel-windows-x86_64