Last updated on 2024-05-04 13:49:24 CEST.
Flavor | Version | Tinstall | Tcheck | Ttotal | Status | Flags |
---|---|---|---|---|---|---|
r-devel-linux-x86_64-debian-clang | 0.4.5 | 128.35 | 63.27 | 191.62 | NOTE | |
r-devel-linux-x86_64-debian-gcc | 0.4.5 | 123.60 | 47.38 | 170.98 | NOTE | |
r-devel-linux-x86_64-fedora-clang | 0.4.5 | 257.15 | NOTE | |||
r-devel-linux-x86_64-fedora-gcc | 0.4.5 | 234.22 | NOTE | |||
r-devel-windows-x86_64 | 0.4.5 | 131.00 | 167.00 | 298.00 | NOTE | |
r-patched-linux-x86_64 | 0.4.5 | 153.91 | 61.60 | 215.51 | NOTE | |
r-release-linux-x86_64 | 0.4.5 | 150.35 | 60.28 | 210.63 | NOTE | |
r-release-macos-arm64 | 0.4.5 | 67.00 | NOTE | |||
r-release-macos-x86_64 | 0.4.5 | 102.00 | NOTE | |||
r-release-windows-x86_64 | 0.4.5 | 126.00 | 160.00 | 286.00 | NOTE | |
r-oldrel-macos-arm64 | 0.4.5 | 73.00 | NOTE | |||
r-oldrel-macos-x86_64 | 0.4.5 | 94.00 | NOTE | |||
r-oldrel-windows-x86_64 | 0.4.5 | 121.00 | 192.00 | 313.00 | NOTE |
Version: 0.4.5
Check: for GNU extensions in Makefiles
Result: NOTE
GNU make is a SystemRequirements.
Flavors: r-devel-linux-x86_64-debian-clang, r-devel-linux-x86_64-debian-gcc, r-devel-linux-x86_64-fedora-clang, r-devel-linux-x86_64-fedora-gcc, r-devel-windows-x86_64, r-patched-linux-x86_64, r-release-linux-x86_64, r-release-macos-arm64, r-release-macos-x86_64, r-release-windows-x86_64, r-oldrel-macos-arm64, r-oldrel-macos-x86_64, r-oldrel-windows-x86_64
Version: 0.4.5
Check: installed package size
Result: NOTE
installed size is 11.4Mb
sub-directories of 1Mb or more:
libs 11.1Mb
Flavors: r-devel-windows-x86_64, r-release-macos-arm64, r-release-macos-x86_64, r-release-windows-x86_64, r-oldrel-macos-arm64, r-oldrel-macos-x86_64, r-oldrel-windows-x86_64