Last updated on 2024-05-04 13:49:24 CEST.
Flavor | Version | Tinstall | Tcheck | Ttotal | Status | Flags |
---|---|---|---|---|---|---|
r-devel-linux-x86_64-debian-clang | 1.2.3 | 15.78 | 178.38 | 194.16 | OK | |
r-devel-linux-x86_64-debian-gcc | 1.2.3 | 11.28 | 133.15 | 144.43 | OK | |
r-devel-linux-x86_64-fedora-clang | 1.2.3 | 241.59 | NOTE | |||
r-devel-linux-x86_64-fedora-gcc | 1.2.3 | 253.25 | NOTE | |||
r-devel-windows-x86_64 | 1.2.3 | 14.00 | 232.00 | 246.00 | OK | |
r-patched-linux-x86_64 | 1.2.3 | 15.23 | 170.27 | 185.50 | OK | |
r-release-linux-x86_64 | 1.2.3 | 11.78 | 168.24 | 180.02 | OK | |
r-release-macos-arm64 | 1.2.3 | 94.00 | OK | |||
r-release-macos-x86_64 | 1.2.3 | 282.00 | OK | |||
r-release-windows-x86_64 | 1.2.3 | 15.00 | 230.00 | 245.00 | OK | |
r-oldrel-macos-arm64 | 1.2.3 | 97.00 | OK | |||
r-oldrel-macos-x86_64 | 1.2.3 | 238.00 | OK | |||
r-oldrel-windows-x86_64 | 1.2.3 | 19.00 | 240.00 | 259.00 | OK |
Version: 1.2.3
Check: compiled code
Result: NOTE
File ‘vdg/libs/vdg.so’:
Found no calls to: ‘R_registerRoutines’, ‘R_useDynamicSymbols’
It is good practice to register native routines and to disable symbol
search.
See ‘Writing portable packages’ in the ‘Writing R Extensions’ manual.
Flavors: r-devel-linux-x86_64-fedora-clang, r-devel-linux-x86_64-fedora-gcc