Last updated on 2024-05-04 13:49:24 CEST.
Flavor | Version | Tinstall | Tcheck | Ttotal | Status | Flags |
---|---|---|---|---|---|---|
r-devel-linux-x86_64-debian-clang | 0.1.0 | 16.31 | 129.77 | 146.08 | NOTE | |
r-devel-linux-x86_64-debian-gcc | 0.1.0 | 11.69 | 95.41 | 107.10 | NOTE | |
r-devel-linux-x86_64-fedora-clang | 0.1.0 | 180.78 | NOTE | |||
r-devel-linux-x86_64-fedora-gcc | 0.1.0 | 179.62 | NOTE | |||
r-devel-windows-x86_64 | 0.1.0 | 13.00 | 107.00 | 120.00 | NOTE | |
r-patched-linux-x86_64 | 0.1.0 | 11.59 | 123.44 | 135.03 | NOTE | |
r-release-linux-x86_64 | 0.1.0 | 8.95 | 121.83 | 130.78 | NOTE | |
r-release-macos-arm64 | 0.1.0 | 55.00 | NOTE | |||
r-release-windows-x86_64 | 0.1.0 | 12.00 | 105.00 | 117.00 | NOTE | |
r-oldrel-macos-arm64 | 0.1.0 | 55.00 | OK | |||
r-oldrel-macos-x86_64 | 0.1.0 | 95.00 | OK | |||
r-oldrel-windows-x86_64 | 0.1.0 | 16.00 | 128.00 | 144.00 | OK |
Version: 0.1.0
Check: Rd files
Result: NOTE
checkRd: (-1) NSpec.DB.Rd:16: Lost braces; missing escapes or markup?
16 | ...{currently not used}
| ^
checkRd: (-1) wavelength-methods.Rd:32: Lost braces; missing escapes or markup?
32 | A call to {new} returns a newly allocated object from the class identified by the first argument.
| ^
Flavors: r-devel-linux-x86_64-debian-clang, r-devel-linux-x86_64-debian-gcc, r-devel-linux-x86_64-fedora-clang, r-devel-linux-x86_64-fedora-gcc, r-devel-windows-x86_64, r-patched-linux-x86_64, r-release-linux-x86_64, r-release-macos-arm64, r-release-windows-x86_64