Last updated on 2024-05-04 09:49:53 CEST.
Flavor | Version | Tinstall | Tcheck | Ttotal | Status | Flags |
---|---|---|---|---|---|---|
r-devel-linux-x86_64-debian-clang | 1.8.5 | 4.36 | 72.32 | 76.68 | OK | |
r-devel-linux-x86_64-debian-gcc | 1.8.5 | 3.60 | 53.13 | 56.73 | OK | |
r-devel-linux-x86_64-fedora-clang | 1.8.5 | 95.74 | NOTE | |||
r-devel-linux-x86_64-fedora-gcc | 1.8.5 | 104.71 | NOTE | |||
r-devel-windows-x86_64 | 1.8.5 | 7.00 | 77.00 | 84.00 | OK | |
r-patched-linux-x86_64 | 1.8.5 | 4.94 | 67.50 | 72.44 | OK | |
r-release-linux-x86_64 | 1.8.5 | 4.26 | 70.07 | 74.33 | OK | |
r-release-macos-arm64 | 1.8.5 | 36.00 | OK | |||
r-release-windows-x86_64 | 1.8.5 | 6.00 | 77.00 | 83.00 | OK | |
r-oldrel-macos-arm64 | 1.8.5 | 40.00 | OK | |||
r-oldrel-macos-x86_64 | 1.8.5 | 97.00 | OK | |||
r-oldrel-windows-x86_64 | 1.8.5 | 6.00 | 83.00 | 89.00 | OK |
Version: 1.8.5
Check: data for non-ASCII characters
Result: NOTE
Note: found 83 marked UTF-8 strings
Flavors: r-devel-linux-x86_64-fedora-clang, r-devel-linux-x86_64-fedora-gcc