Last updated on 2024-05-04 13:49:24 CEST.
Flavor | Version | Tinstall | Tcheck | Ttotal | Status | Flags |
---|---|---|---|---|---|---|
r-devel-linux-x86_64-debian-clang | 1.0.1 | 24.82 | 122.78 | 147.60 | OK | |
r-devel-linux-x86_64-debian-gcc | 1.0.1 | 21.04 | 88.53 | 109.57 | OK | |
r-devel-linux-x86_64-fedora-clang | 1.0.1 | 184.29 | NOTE | |||
r-devel-linux-x86_64-fedora-gcc | 1.0.1 | 170.58 | OK | |||
r-devel-windows-x86_64 | 1.0.1 | 25.00 | 104.00 | 129.00 | NOTE | |
r-patched-linux-x86_64 | 1.0.1 | 30.49 | 117.55 | 148.04 | OK | |
r-release-linux-x86_64 | 1.0.1 | 18.12 | 117.61 | 135.73 | OK | |
r-release-macos-arm64 | 1.0.1 | 54.00 | NOTE | |||
r-release-windows-x86_64 | 1.0.1 | 24.00 | 103.00 | 127.00 | NOTE | |
r-oldrel-macos-arm64 | 1.0.1 | 59.00 | NOTE | |||
r-oldrel-macos-x86_64 | 1.0.1 | 86.00 | NOTE | |||
r-oldrel-windows-x86_64 | 1.0.1 | 30.00 | 125.00 | 155.00 | NOTE |
Version: 1.0.1
Check: installed package size
Result: NOTE
installed size is 6.0Mb
sub-directories of 1Mb or more:
data 5.7Mb
Flavors: r-devel-linux-x86_64-fedora-clang, r-devel-windows-x86_64, r-release-macos-arm64, r-release-windows-x86_64, r-oldrel-macos-arm64, r-oldrel-macos-x86_64, r-oldrel-windows-x86_64