Last updated on 2024-05-04 13:49:24 CEST.
Flavor | Version | Tinstall | Tcheck | Ttotal | Status | Flags |
---|---|---|---|---|---|---|
r-devel-linux-x86_64-debian-clang | 1.3.11 | 40.01 | 312.28 | 352.29 | OK | |
r-devel-linux-x86_64-debian-gcc | 1.3.11 | 27.24 | 222.38 | 249.62 | OK | |
r-devel-linux-x86_64-fedora-clang | 1.3.11 | 434.55 | NOTE | |||
r-devel-linux-x86_64-fedora-gcc | 1.3.11 | 427.71 | OK | |||
r-devel-windows-x86_64 | 1.3.11 | 25.00 | 189.00 | 214.00 | OK | |
r-patched-linux-x86_64 | 1.3.11 | 34.86 | 299.79 | 334.65 | OK | |
r-release-linux-x86_64 | 1.3.11 | 23.89 | 296.28 | 320.17 | OK | |
r-release-macos-arm64 | 1.3.11 | 200.00 | OK | |||
r-release-macos-x86_64 | 1.3.11 | 299.00 | OK | |||
r-release-windows-x86_64 | 1.3.11 | 22.00 | 192.00 | 214.00 | OK | |
r-oldrel-macos-arm64 | 1.3.11 | 112.00 | OK | |||
r-oldrel-macos-x86_64 | 1.3.11 | 263.00 | OK | |||
r-oldrel-windows-x86_64 | 1.3.11 | 29.00 | 238.00 | 267.00 | OK |
Version: 1.3.11
Check: package dependencies
Result: NOTE
Imports includes 26 non-default packages.
Importing from so many packages makes the package vulnerable to any of
them becoming unavailable. Move as many as possible to Suggests and
use conditionally.
Flavor: r-devel-linux-x86_64-fedora-clang