Last updated on 2024-05-04 09:49:53 CEST.
Flavor | Version | Tinstall | Tcheck | Ttotal | Status | Flags |
---|---|---|---|---|---|---|
r-devel-linux-x86_64-debian-clang | 2.0.9 | 13.16 | 119.24 | 132.40 | NOTE | |
r-devel-linux-x86_64-debian-gcc | 2.0.9 | 10.47 | 92.58 | 103.05 | OK | |
r-devel-linux-x86_64-fedora-clang | 2.0.9 | 183.58 | OK | |||
r-devel-linux-x86_64-fedora-gcc | 2.0.9 | 169.47 | OK | |||
r-devel-windows-x86_64 | 2.0.9 | 13.00 | 112.00 | 125.00 | OK | |
r-patched-linux-x86_64 | 2.0.9 | 11.50 | 120.52 | 132.02 | OK | |
r-release-linux-x86_64 | 2.0.9 | 11.90 | 119.35 | 131.25 | OK | |
r-release-macos-arm64 | 2.0.9 | 69.00 | OK | |||
r-release-windows-x86_64 | 2.0.9 | 13.00 | 111.00 | 124.00 | OK | |
r-oldrel-macos-arm64 | 2.0.9 | 52.00 | OK | |||
r-oldrel-macos-x86_64 | 2.0.9 | 62.00 | OK | |||
r-oldrel-windows-x86_64 | 2.0.9 | 16.00 | 134.00 | 150.00 | OK |
Version: 2.0.9
Check: package dependencies
Result: NOTE
Packages suggested but not available for checking:
'DESeq2', 'SummarizedExperiment'
Flavor: r-devel-linux-x86_64-debian-clang
Version: 2.0.9
Check: Rd cross-references
Result: NOTE
Package unavailable to check Rd xrefs: ‘DESeq2’
Flavor: r-devel-linux-x86_64-debian-clang