Last updated on 2024-05-04 13:49:24 CEST.
Flavor | Version | Tinstall | Tcheck | Ttotal | Status | Flags |
---|---|---|---|---|---|---|
r-devel-linux-x86_64-debian-clang | 1.3.5 | 15.30 | 149.44 | 164.74 | NOTE | |
r-devel-linux-x86_64-debian-gcc | 1.3.5 | 12.01 | 111.67 | 123.68 | NOTE | |
r-devel-linux-x86_64-fedora-clang | 1.3.5 | 206.35 | NOTE | |||
r-devel-linux-x86_64-fedora-gcc | 1.3.5 | 193.32 | NOTE | |||
r-devel-windows-x86_64 | 1.3.5 | 14.00 | 125.00 | 139.00 | NOTE | |
r-patched-linux-x86_64 | 1.3.5 | 12.85 | 142.01 | 154.86 | NOTE | |
r-release-linux-x86_64 | 1.3.5 | 14.39 | 143.27 | 157.66 | NOTE | |
r-release-macos-arm64 | 1.3.5 | 60.00 | NOTE | |||
r-release-windows-x86_64 | 1.3.5 | 14.00 | 123.00 | 137.00 | NOTE | |
r-oldrel-macos-arm64 | 1.3.5 | 66.00 | NOTE | |||
r-oldrel-macos-x86_64 | 1.3.5 | 99.00 | NOTE | |||
r-oldrel-windows-x86_64 | 1.3.5 | 19.00 | 156.00 | 175.00 | NOTE |
Version: 1.3.5
Check: package subdirectories
Result: NOTE
Problems with news in ‘NEWS.md’:
No news entries found.
Flavors: r-devel-linux-x86_64-debian-clang, r-devel-linux-x86_64-debian-gcc, r-devel-linux-x86_64-fedora-clang, r-devel-linux-x86_64-fedora-gcc, r-devel-windows-x86_64, r-patched-linux-x86_64, r-release-linux-x86_64, r-release-macos-arm64, r-release-windows-x86_64, r-oldrel-macos-arm64, r-oldrel-macos-x86_64, r-oldrel-windows-x86_64
Version: 1.3.5
Check: LazyData
Result: NOTE
'LazyData' is specified without a 'data' directory
Flavors: r-devel-linux-x86_64-debian-clang, r-devel-linux-x86_64-debian-gcc, r-devel-linux-x86_64-fedora-clang, r-devel-linux-x86_64-fedora-gcc, r-devel-windows-x86_64, r-patched-linux-x86_64, r-release-linux-x86_64, r-release-macos-arm64, r-release-windows-x86_64, r-oldrel-macos-arm64, r-oldrel-macos-x86_64, r-oldrel-windows-x86_64
Version: 1.3.5
Check: dependencies in R code
Result: NOTE
Namespace in Imports field not imported from: ‘methods’
All declared Imports should be used.
Flavors: r-devel-linux-x86_64-fedora-clang, r-devel-linux-x86_64-fedora-gcc