Last updated on 2024-05-04 13:49:24 CEST.
Flavor | Version | Tinstall | Tcheck | Ttotal | Status | Flags |
---|---|---|---|---|---|---|
r-devel-linux-x86_64-debian-clang | 0.1.0 | 11.69 | 97.53 | 109.22 | OK | |
r-devel-linux-x86_64-debian-gcc | 0.1.0 | 8.68 | 72.19 | 80.87 | OK | |
r-devel-linux-x86_64-fedora-clang | 0.1.0 | 135.26 | NOTE | |||
r-devel-linux-x86_64-fedora-gcc | 0.1.0 | 134.19 | NOTE | |||
r-devel-windows-x86_64 | 0.1.0 | 10.00 | 91.00 | 101.00 | OK | |
r-patched-linux-x86_64 | 0.1.0 | 15.45 | 90.93 | 106.38 | OK | |
r-release-linux-x86_64 | 0.1.0 | 10.34 | 90.82 | 101.16 | OK | |
r-release-macos-arm64 | 0.1.0 | 40.00 | OK | |||
r-release-windows-x86_64 | 0.1.0 | 11.00 | 88.00 | 99.00 | OK | |
r-oldrel-macos-arm64 | 0.1.0 | 45.00 | OK | |||
r-oldrel-macos-x86_64 | 0.1.0 | 67.00 | OK | |||
r-oldrel-windows-x86_64 | 0.1.0 | 14.00 | 104.00 | 118.00 | OK |
Version: 0.1.0
Check: dependencies in R code
Result: NOTE
Namespace in Imports field not imported from: ‘flexsurv’
All declared Imports should be used.
Flavors: r-devel-linux-x86_64-fedora-clang, r-devel-linux-x86_64-fedora-gcc