Last updated on 2024-05-02 21:53:01 CEST.
Flavor | Version | Tinstall | Tcheck | Ttotal | Status | Flags |
---|---|---|---|---|---|---|
r-devel-linux-x86_64-debian-clang | 1.1.0 | 2.79 | 25.93 | 28.72 | NOTE | |
r-devel-linux-x86_64-debian-gcc | 1.1.0 | 2.54 | 19.97 | 22.51 | NOTE | |
r-devel-linux-x86_64-fedora-clang | 1.1.0 | 37.26 | NOTE | |||
r-devel-linux-x86_64-fedora-gcc | 1.1.0 | 35.51 | NOTE | |||
r-devel-windows-x86_64 | 1.1.0 | 5.00 | 44.00 | 49.00 | NOTE | |
r-patched-linux-x86_64 | 1.1.0 | 2.74 | 25.51 | 28.25 | NOTE | |
r-release-linux-x86_64 | 1.1.0 | 3.29 | 25.35 | 28.64 | NOTE | |
r-release-macos-arm64 | 1.1.0 | 16.00 | NOTE | |||
r-release-windows-x86_64 | 1.1.0 | 5.00 | 44.00 | 49.00 | NOTE | |
r-oldrel-macos-arm64 | 1.1.0 | 18.00 | OK | |||
r-oldrel-macos-x86_64 | 1.1.0 | 22.00 | OK | |||
r-oldrel-windows-x86_64 | 1.1.0 | 5.00 | 44.00 | 49.00 | OK |
Version: 1.1.0
Check: Rd files
Result: NOTE
checkRd: (-1) vsts_create_release.Rd:33: Lost braces in \itemize; meant \describe ?
checkRd: (-1) vsts_create_release.Rd:34: Lost braces in \itemize; meant \describe ?
Flavors: r-devel-linux-x86_64-debian-clang, r-devel-linux-x86_64-debian-gcc, r-devel-linux-x86_64-fedora-clang, r-devel-linux-x86_64-fedora-gcc, r-devel-windows-x86_64, r-patched-linux-x86_64, r-release-linux-x86_64, r-release-macos-arm64, r-release-windows-x86_64
Version: 1.1.0
Check: dependencies in R code
Result: NOTE
Namespace in Imports field not imported from: ‘R6’
All declared Imports should be used.
Flavors: r-devel-linux-x86_64-fedora-clang, r-devel-linux-x86_64-fedora-gcc