Last updated on 2024-05-04 09:49:53 CEST.
Flavor | Version | Tinstall | Tcheck | Ttotal | Status | Flags |
---|---|---|---|---|---|---|
r-devel-linux-x86_64-debian-clang | 0.4 | 85.08 | 30.67 | 115.75 | OK | |
r-devel-linux-x86_64-debian-gcc | 0.4 | 68.80 | 23.19 | 91.99 | OK | |
r-devel-linux-x86_64-fedora-clang | 0.4 | 167.12 | OK | |||
r-devel-linux-x86_64-fedora-gcc | 0.4 | 168.70 | OK | |||
r-devel-windows-x86_64 | 0.4 | 69.00 | 70.00 | 139.00 | OK | |
r-patched-linux-x86_64 | 0.4 | 87.32 | 29.02 | 116.34 | OK | |
r-release-linux-x86_64 | 0.4 | 81.21 | 28.74 | 109.95 | OK | |
r-release-macos-arm64 | 0.4 | 35.00 | NOTE | |||
r-release-windows-x86_64 | 0.4 | 65.00 | 65.00 | 130.00 | OK | |
r-oldrel-macos-arm64 | 0.4 | 44.00 | NOTE | |||
r-oldrel-macos-x86_64 | 0.4 | 56.00 | NOTE | |||
r-oldrel-windows-x86_64 | 0.4 | 81.00 | 74.00 | 155.00 | OK |
Version: 0.4
Check: installed package size
Result: NOTE
installed size is 5.6Mb
sub-directories of 1Mb or more:
libs 5.5Mb
Flavors: r-release-macos-arm64, r-oldrel-macos-arm64, r-oldrel-macos-x86_64