Last updated on 2024-05-04 13:49:24 CEST.
Flavor | Version | Tinstall | Tcheck | Ttotal | Status | Flags |
---|---|---|---|---|---|---|
r-devel-linux-x86_64-debian-clang | 0.1.3 | 93.05 | 38.44 | 131.49 | NOTE | |
r-devel-linux-x86_64-debian-gcc | 0.1.3 | 85.76 | 28.79 | 114.55 | NOTE | |
r-devel-linux-x86_64-fedora-clang | 0.1.3 | 202.30 | NOTE | |||
r-devel-linux-x86_64-fedora-gcc | 0.1.3 | 205.67 | NOTE | |||
r-devel-windows-x86_64 | 0.1.3 | 85.00 | 79.00 | 164.00 | NOTE | |
r-patched-linux-x86_64 | 0.1.3 | 105.75 | 37.35 | 143.10 | NOTE | |
r-release-linux-x86_64 | 0.1.3 | 103.28 | 37.13 | 140.41 | NOTE | |
r-release-macos-arm64 | 0.1.3 | 42.00 | NOTE | |||
r-release-windows-x86_64 | 0.1.3 | 82.00 | 77.00 | 159.00 | NOTE | |
r-oldrel-macos-arm64 | 0.1.3 | 54.00 | NOTE | |||
r-oldrel-macos-x86_64 | 0.1.3 | 84.00 | NOTE | |||
r-oldrel-windows-x86_64 | 0.1.3 | 96.00 | 89.00 | 185.00 | NOTE |
Version: 0.1.3
Check: C++ specification
Result: NOTE
Specified C++11: please drop specification unless essential
Flavors: r-devel-linux-x86_64-debian-clang, r-devel-linux-x86_64-debian-gcc, r-devel-linux-x86_64-fedora-clang, r-devel-linux-x86_64-fedora-gcc, r-devel-windows-x86_64, r-patched-linux-x86_64, r-release-linux-x86_64, r-release-macos-arm64, r-release-windows-x86_64, r-oldrel-macos-arm64, r-oldrel-macos-x86_64, r-oldrel-windows-x86_64