Last updated on 2024-05-04 13:49:24 CEST.
Flavor | Version | Tinstall | Tcheck | Ttotal | Status | Flags |
---|---|---|---|---|---|---|
r-devel-linux-x86_64-debian-clang | 1.0.5 | 284.97 | 299.11 | 584.08 | OK | |
r-devel-linux-x86_64-debian-gcc | 1.0.5 | 205.23 | 231.05 | 436.28 | OK | |
r-devel-linux-x86_64-fedora-clang | 1.0.5 | 793.72 | OK | |||
r-devel-linux-x86_64-fedora-gcc | 1.0.5 | 778.35 | OK | |||
r-devel-windows-x86_64 | 1.0.5 | 207.00 | 231.00 | 438.00 | OK | |
r-patched-linux-x86_64 | 1.0.5 | 282.14 | 283.25 | 565.39 | OK | |
r-release-linux-x86_64 | 1.0.5 | 261.87 | 284.84 | 546.71 | OK | |
r-release-macos-arm64 | 1.0.5 | 181.00 | NOTE | |||
r-release-windows-x86_64 | 1.0.5 | 203.00 | 228.00 | 431.00 | OK | |
r-oldrel-macos-arm64 | 1.0.5 | 212.00 | NOTE | |||
r-oldrel-macos-x86_64 | 1.0.5 | 364.00 | NOTE | |||
r-oldrel-windows-x86_64 | 1.0.5 | 254.00 | 293.00 | 547.00 | OK |
Version: 1.0.5
Check: installed package size
Result: NOTE
installed size is 8.7Mb
sub-directories of 1Mb or more:
libs 7.9Mb
Flavors: r-release-macos-arm64, r-oldrel-macos-arm64, r-oldrel-macos-x86_64
Version: 1.0.5
Check: package dependencies
Result: NOTE
Package suggested but not available for checking: ‘classInt’
Flavor: r-oldrel-macos-x86_64