Last updated on 2024-05-04 09:49:54 CEST.
Flavor | Version | Tinstall | Tcheck | Ttotal | Status | Flags |
---|---|---|---|---|---|---|
r-devel-linux-x86_64-debian-clang | 2.1.3 | 3.33 | 39.22 | 42.55 | NOTE | |
r-devel-linux-x86_64-debian-gcc | 2.1.3 | 2.54 | 30.90 | 33.44 | NOTE | |
r-devel-linux-x86_64-fedora-clang | 2.1.3 | 55.61 | NOTE | |||
r-devel-linux-x86_64-fedora-gcc | 2.1.3 | 64.77 | NOTE | |||
r-devel-windows-x86_64 | 2.1.3 | 6.00 | 60.00 | 66.00 | NOTE | |
r-patched-linux-x86_64 | 2.1.3 | 3.08 | 38.88 | 41.96 | NOTE | |
r-release-linux-x86_64 | 2.1.3 | 3.28 | 37.70 | 40.98 | NOTE | |
r-release-macos-arm64 | 2.1.3 | 29.00 | NOTE | |||
r-release-windows-x86_64 | 2.1.3 | 5.00 | 59.00 | 64.00 | NOTE | |
r-oldrel-macos-arm64 | 2.1.3 | 27.00 | OK | |||
r-oldrel-macos-x86_64 | 2.1.3 | 40.00 | OK | |||
r-oldrel-windows-x86_64 | 2.1.3 | 6.00 | 60.00 | 66.00 | OK |
Version: 2.1.3
Check: Rd files
Result: NOTE
checkRd: (-1) wordpiece_cache_dir.Rd:16-17: Lost braces in \itemize; meant \describe ?
checkRd: (-1) wordpiece_cache_dir.Rd:18-19: Lost braces in \itemize; meant \describe ?
checkRd: (-1) wordpiece_cache_dir.Rd:20-21: Lost braces in \itemize; meant \describe ?
Flavors: r-devel-linux-x86_64-debian-clang, r-devel-linux-x86_64-debian-gcc, r-devel-linux-x86_64-fedora-clang, r-devel-linux-x86_64-fedora-gcc, r-devel-windows-x86_64, r-patched-linux-x86_64, r-release-linux-x86_64, r-release-macos-arm64, r-release-windows-x86_64