Last updated on 2024-05-04 09:49:54 CEST.
Flavor | Version | Tinstall | Tcheck | Ttotal | Status | Flags |
---|---|---|---|---|---|---|
r-devel-linux-x86_64-debian-clang | 0.2.0 | 1.65 | 44.55 | 46.20 | OK | |
r-devel-linux-x86_64-debian-gcc | 0.2.0 | 1.77 | 33.19 | 34.96 | OK | |
r-devel-linux-x86_64-fedora-clang | 0.2.0 | 57.44 | NOTE | |||
r-devel-linux-x86_64-fedora-gcc | 0.2.0 | 55.64 | NOTE | |||
r-devel-windows-x86_64 | 0.2.0 | 4.00 | 55.00 | 59.00 | OK | |
r-patched-linux-x86_64 | 0.2.0 | 2.37 | 42.19 | 44.56 | OK | |
r-release-linux-x86_64 | 0.2.0 | 2.09 | 41.28 | 43.37 | OK | |
r-release-macos-arm64 | 0.2.0 | 23.00 | OK | |||
r-release-windows-x86_64 | 0.2.0 | 4.00 | 54.00 | 58.00 | OK | |
r-oldrel-macos-arm64 | 0.2.0 | 24.00 | OK | |||
r-oldrel-macos-x86_64 | 0.2.0 | 34.00 | OK | |||
r-oldrel-windows-x86_64 | 0.2.0 | 4.00 | 59.00 | 63.00 | OK |
Version: 0.2.0
Check: data for non-ASCII characters
Result: NOTE
Note: found 3 marked UTF-8 strings
Flavors: r-devel-linux-x86_64-fedora-clang, r-devel-linux-x86_64-fedora-gcc