Last updated on 2024-05-04 13:49:24 CEST.
Flavor | Version | Tinstall | Tcheck | Ttotal | Status | Flags |
---|---|---|---|---|---|---|
r-devel-linux-x86_64-debian-clang | 1.1-2 | 6.71 | 46.12 | 52.83 | OK | |
r-devel-linux-x86_64-debian-gcc | 1.1-2 | 5.38 | 35.64 | 41.02 | OK | |
r-devel-linux-x86_64-fedora-clang | 1.1-2 | 60.16 | NOTE | |||
r-devel-linux-x86_64-fedora-gcc | 1.1-2 | 58.89 | OK | |||
r-devel-windows-x86_64 | 1.1-2 | 5.00 | 68.00 | 73.00 | NOTE | |
r-patched-linux-x86_64 | 1.1-2 | 3.71 | 44.10 | 47.81 | OK | |
r-release-linux-x86_64 | 1.1-2 | 2.94 | 44.25 | 47.19 | OK | |
r-release-macos-arm64 | 1.1-2 | 25.00 | NOTE | |||
r-release-windows-x86_64 | 1.1-2 | 6.00 | 67.00 | 73.00 | NOTE | |
r-oldrel-macos-arm64 | 1.1-2 | 28.00 | NOTE | |||
r-oldrel-macos-x86_64 | 1.1-2 | 37.00 | NOTE | |||
r-oldrel-windows-x86_64 | 1.1-2 | 6.00 | 71.00 | 77.00 | NOTE |
Version: 1.1-2
Check: installed package size
Result: NOTE
installed size is 11.4Mb
sub-directories of 1Mb or more:
data 11.3Mb
Flavors: r-devel-linux-x86_64-fedora-clang, r-devel-windows-x86_64, r-release-macos-arm64, r-release-windows-x86_64, r-oldrel-macos-arm64, r-oldrel-macos-x86_64, r-oldrel-windows-x86_64