Last updated on 2024-05-04 13:49:24 CEST.
Flavor | Version | Tinstall | Tcheck | Ttotal | Status | Flags |
---|---|---|---|---|---|---|
r-devel-linux-x86_64-debian-clang | 1.11.0.1 | 28.46 | 348.16 | 376.62 | OK | |
r-devel-linux-x86_64-debian-gcc | 1.11.0.1 | 16.38 | 252.88 | 269.26 | OK | |
r-devel-linux-x86_64-fedora-clang | 1.11.0.1 | 479.87 | NOTE | |||
r-devel-linux-x86_64-fedora-gcc | 1.11.0.1 | 485.31 | OK | |||
r-devel-windows-x86_64 | 1.11.0.1 | 17.00 | 201.00 | 218.00 | NOTE | |
r-patched-linux-x86_64 | 1.11.0.1 | 28.71 | 326.00 | 354.71 | OK | |
r-release-linux-x86_64 | 1.11.0.1 | 21.01 | 333.37 | 354.38 | OK | |
r-release-macos-arm64 | 1.11.0.1 | 87.00 | NOTE | |||
r-release-macos-x86_64 | 1.11.0.1 | 177.00 | NOTE | |||
r-release-windows-x86_64 | 1.11.0.1 | 18.00 | 205.00 | 223.00 | NOTE | |
r-oldrel-macos-arm64 | 1.11.0.1 | 86.00 | NOTE | |||
r-oldrel-macos-x86_64 | 1.11.0.1 | 169.00 | NOTE | |||
r-oldrel-windows-x86_64 | 1.11.0.1 | 24.00 | 235.00 | 259.00 | NOTE |
Version: 1.11.0.1
Check: installed package size
Result: NOTE
installed size is 7.0Mb
sub-directories of 1Mb or more:
doc 3.5Mb
extdata 2.5Mb
Flavors: r-devel-linux-x86_64-fedora-clang, r-devel-windows-x86_64, r-release-macos-arm64, r-release-macos-x86_64, r-release-windows-x86_64, r-oldrel-macos-arm64, r-oldrel-macos-x86_64, r-oldrel-windows-x86_64
Version: 1.11.0.1
Check: package dependencies
Result: NOTE
Package suggested but not available for checking: ‘ROTS’
Flavors: r-oldrel-macos-arm64, r-oldrel-macos-x86_64