Last updated on 2024-05-04 13:49:25 CEST.
Flavor | Version | Tinstall | Tcheck | Ttotal | Status | Flags |
---|---|---|---|---|---|---|
r-devel-linux-x86_64-debian-clang | 0.1.1 | 20.60 | 151.80 | 172.40 | OK | |
r-devel-linux-x86_64-debian-gcc | 0.1.1 | 14.81 | 110.39 | 125.20 | OK | |
r-devel-linux-x86_64-fedora-clang | 0.1.1 | 212.73 | NOTE | |||
r-devel-linux-x86_64-fedora-gcc | 0.1.1 | 200.68 | NOTE | |||
r-devel-windows-x86_64 | 0.1.1 | 15.00 | 116.00 | 131.00 | OK | |
r-patched-linux-x86_64 | 0.1.1 | 23.87 | 145.08 | 168.95 | OK | |
r-release-linux-x86_64 | 0.1.1 | 17.39 | 142.23 | 159.62 | OK | |
r-release-macos-arm64 | 0.1.1 | 84.00 | OK | |||
r-release-windows-x86_64 | 0.1.1 | 13.00 | 105.00 | 118.00 | OK | |
r-oldrel-macos-arm64 | 0.1.1 | 55.00 | OK | |||
r-oldrel-macos-x86_64 | 0.1.1 | 100.00 | OK | |||
r-oldrel-windows-x86_64 | 0.1.1 | 18.00 | 125.00 | 143.00 | OK |
Version: 0.1.1
Check: dependencies in R code
Result: NOTE
Namespace in Imports field not imported from: ‘tcltk2’
All declared Imports should be used.
Flavors: r-devel-linux-x86_64-fedora-clang, r-devel-linux-x86_64-fedora-gcc