Last updated on 2024-05-04 13:49:25 CEST.
Flavor | Version | Tinstall | Tcheck | Ttotal | Status | Flags |
---|---|---|---|---|---|---|
r-devel-linux-x86_64-debian-clang | 1.1.2 | 16.97 | 273.66 | 290.63 | OK | |
r-devel-linux-x86_64-debian-gcc | 1.1.2 | 14.93 | 199.22 | 214.15 | OK | |
r-devel-linux-x86_64-fedora-clang | 1.1.2 | 352.16 | NOTE | |||
r-devel-linux-x86_64-fedora-gcc | 1.1.2 | 356.74 | OK | |||
r-devel-windows-x86_64 | 1.1.2 | 19.00 | 199.00 | 218.00 | OK | |
r-patched-linux-x86_64 | 1.1.2 | 17.70 | 254.23 | 271.93 | OK | |
r-release-linux-x86_64 | 1.1.2 | 11.47 | 256.60 | 268.07 | OK | |
r-release-macos-arm64 | 1.1.2 | 94.00 | OK | |||
r-release-windows-x86_64 | 1.1.2 | 17.00 | 199.00 | 216.00 | OK | |
r-oldrel-macos-arm64 | 1.1.2 | 102.00 | OK | |||
r-oldrel-macos-x86_64 | 1.1.2 | 167.00 | OK | |||
r-oldrel-windows-x86_64 | 1.1.2 | 22.00 | 253.00 | 275.00 | OK |
Version: 1.1.2
Check: Rd cross-references
Result: NOTE
Undeclared package ‘rlang’ in Rd xrefs
Flavor: r-devel-linux-x86_64-fedora-clang