Last updated on 2024-05-04 13:49:25 CEST.
Flavor | Version | Tinstall | Tcheck | Ttotal | Status | Flags |
---|---|---|---|---|---|---|
r-devel-linux-x86_64-debian-clang | 1.1.0 | 29.51 | 87.75 | 117.26 | OK | |
r-devel-linux-x86_64-debian-gcc | 1.1.0 | 28.41 | 66.29 | 94.70 | OK | |
r-devel-linux-x86_64-fedora-clang | 1.1.0 | 162.33 | NOTE | |||
r-devel-linux-x86_64-fedora-gcc | 1.1.0 | 158.25 | NOTE | |||
r-devel-windows-x86_64 | 1.1.0 | 33.00 | 79.00 | 112.00 | OK | |
r-patched-linux-x86_64 | 1.1.0 | 38.03 | 82.22 | 120.25 | OK | |
r-release-linux-x86_64 | 1.1.0 | 24.96 | 81.59 | 106.55 | OK | |
r-release-macos-arm64 | 1.1.0 | 60.00 | OK | |||
r-release-windows-x86_64 | 1.1.0 | 36.00 | 77.00 | 113.00 | OK | |
r-oldrel-macos-arm64 | 1.1.0 | 62.00 | OK | |||
r-oldrel-macos-x86_64 | 1.1.0 | 97.00 | OK | |||
r-oldrel-windows-x86_64 | 1.1.0 | 48.00 | 87.00 | 135.00 | OK |
Version: 1.1.0
Check: dependencies in R code
Result: NOTE
Namespace in Imports field not imported from: ‘spelling’
All declared Imports should be used.
Flavors: r-devel-linux-x86_64-fedora-clang, r-devel-linux-x86_64-fedora-gcc