Last updated on 2024-05-04 13:49:25 CEST.
Flavor | Version | Tinstall | Tcheck | Ttotal | Status | Flags |
---|---|---|---|---|---|---|
r-devel-linux-x86_64-debian-clang | 1.15.27 | 188.25 | 258.09 | 446.34 | OK | |
r-devel-linux-x86_64-debian-gcc | 1.15.27 | 134.82 | 186.92 | 321.74 | OK | |
r-devel-linux-x86_64-fedora-clang | 1.15.27 | 532.76 | OK | |||
r-devel-linux-x86_64-fedora-gcc | 1.15.27 | 517.48 | OK | |||
r-devel-windows-x86_64 | 1.15.27 | 134.00 | 241.00 | 375.00 | OK | |
r-patched-linux-x86_64 | 1.15.27 | 176.28 | 247.40 | 423.68 | OK | |
r-release-linux-x86_64 | 1.15.27 | 152.12 | 244.52 | 396.64 | OK | |
r-release-macos-arm64 | 1.15.27 | 119.00 | NOTE | |||
r-release-macos-x86_64 | 1.15.27 | 351.00 | NOTE | |||
r-release-windows-x86_64 | 1.15.27 | 131.00 | 242.00 | 373.00 | OK | |
r-oldrel-macos-arm64 | 1.15.27 | 128.00 | NOTE | |||
r-oldrel-macos-x86_64 | 1.15.27 | 299.00 | NOTE | |||
r-oldrel-windows-x86_64 | 1.15.27 | 164.00 | 322.00 | 486.00 | OK |
Version: 1.15.27
Check: installed package size
Result: NOTE
installed size is 8.7Mb
sub-directories of 1Mb or more:
R 3.0Mb
libs 4.6Mb
Flavors: r-release-macos-arm64, r-release-macos-x86_64, r-oldrel-macos-arm64, r-oldrel-macos-x86_64