Last updated on 2024-05-04 09:49:54 CEST.
Flavor | Version | Tinstall | Tcheck | Ttotal | Status | Flags |
---|---|---|---|---|---|---|
r-devel-linux-x86_64-debian-clang | 2.0.0 | 6.04 | 60.16 | 66.20 | OK | |
r-devel-linux-x86_64-debian-gcc | 2.0.0 | 3.38 | 45.88 | 49.26 | OK | |
r-devel-linux-x86_64-fedora-clang | 2.0.0 | 84.03 | NOTE | |||
r-devel-linux-x86_64-fedora-gcc | 2.0.0 | 92.25 | NOTE | |||
r-devel-windows-x86_64 | 2.0.0 | 7.00 | 71.00 | 78.00 | OK | |
r-patched-linux-x86_64 | 2.0.0 | 3.96 | 58.37 | 62.33 | OK | |
r-release-linux-x86_64 | 2.0.0 | 3.49 | 57.07 | 60.56 | OK | |
r-release-macos-arm64 | 2.0.0 | 49.00 | OK | |||
r-release-windows-x86_64 | 2.0.0 | 6.00 | 70.00 | 76.00 | OK | |
r-oldrel-macos-arm64 | 2.0.0 | 45.00 | OK | |||
r-oldrel-macos-x86_64 | 2.0.0 | 75.00 | OK | |||
r-oldrel-windows-x86_64 | 2.0.0 | 8.00 | 77.00 | 85.00 | OK |
Version: 2.0.0
Check: data for non-ASCII characters
Result: NOTE
Note: found 76 marked UTF-8 strings
Flavors: r-devel-linux-x86_64-fedora-clang, r-devel-linux-x86_64-fedora-gcc