Last updated on 2024-05-04 13:49:25 CEST.
Flavor | Version | Tinstall | Tcheck | Ttotal | Status | Flags |
---|---|---|---|---|---|---|
r-devel-linux-x86_64-debian-clang | 0.3.5 | 37.92 | 270.10 | 308.02 | OK | |
r-devel-linux-x86_64-debian-gcc | 0.3.5 | 30.16 | 213.32 | 243.48 | OK | |
r-devel-linux-x86_64-fedora-clang | 0.3.5 | 395.51 | NOTE | |||
r-devel-linux-x86_64-fedora-gcc | 0.3.5 | 381.91 | NOTE | |||
r-devel-windows-x86_64 | 0.3.5 | 32.00 | 260.00 | 292.00 | OK | |
r-patched-linux-x86_64 | 0.3.5 | 32.53 | 259.00 | 291.53 | OK | |
r-release-linux-x86_64 | 0.3.5 | 24.85 | 258.90 | 283.75 | OK | |
r-release-macos-arm64 | 0.3.5 | 145.00 | OK | |||
r-release-windows-x86_64 | 0.3.5 | 30.00 | 251.00 | 281.00 | OK | |
r-oldrel-macos-arm64 | 0.3.5 | 138.00 | OK | |||
r-oldrel-macos-x86_64 | 0.3.5 | 261.00 | OK | |||
r-oldrel-windows-x86_64 | 0.3.5 | 44.00 | 353.00 | 397.00 | OK |
Version: 0.3.5
Check: data for non-ASCII characters
Result: NOTE
Note: found 5 marked UTF-8 strings
Flavors: r-devel-linux-x86_64-fedora-clang, r-devel-linux-x86_64-fedora-gcc