Last updated on 2024-05-04 13:49:25 CEST.
Flavor | Version | Tinstall | Tcheck | Ttotal | Status | Flags |
---|---|---|---|---|---|---|
r-devel-linux-x86_64-debian-clang | 0.2.3 | 2.33 | 36.96 | 39.29 | OK | |
r-devel-linux-x86_64-debian-gcc | 0.2.3 | 1.98 | 27.96 | 29.94 | OK | |
r-devel-linux-x86_64-fedora-clang | 0.2.3 | 51.02 | NOTE | |||
r-devel-linux-x86_64-fedora-gcc | 0.2.3 | 63.55 | OK | |||
r-devel-windows-x86_64 | 0.2.3 | 4.00 | 58.00 | 62.00 | OK | |
r-patched-linux-x86_64 | 0.2.3 | 3.03 | 35.89 | 38.92 | OK | |
r-release-linux-x86_64 | 0.2.3 | 2.10 | 34.43 | 36.53 | OK | |
r-release-macos-arm64 | 0.2.3 | 24.00 | OK | |||
r-release-windows-x86_64 | 0.2.3 | 3.00 | 58.00 | 61.00 | OK | |
r-oldrel-macos-arm64 | 0.2.3 | 28.00 | OK | |||
r-oldrel-macos-x86_64 | 0.2.3 | 58.00 | OK | |||
r-oldrel-windows-x86_64 | 0.2.3 | 4.00 | 58.00 | 62.00 | OK |
Version: 0.2.3
Check: Rd cross-references
Result: NOTE
Undeclared package ‘rlang’ in Rd xrefs
Flavor: r-devel-linux-x86_64-fedora-clang