Last updated on 2024-05-07 17:50:00 CEST.
Flavor | Version | Tinstall | Tcheck | Ttotal | Status | Flags |
---|---|---|---|---|---|---|
r-devel-linux-x86_64-debian-clang | 6.8.8 | 8.12 | 84.72 | 92.84 | NOTE | |
r-devel-linux-x86_64-debian-gcc | 6.8.8 | 7.89 | 61.07 | 68.96 | NOTE | |
r-devel-linux-x86_64-fedora-clang | 6.8.8 | 113.12 | NOTE | |||
r-devel-linux-x86_64-fedora-gcc | 6.8.8 | 109.90 | NOTE | |||
r-devel-windows-x86_64 | 6.8.8 | 9.00 | 76.00 | 85.00 | OK | |
r-patched-linux-x86_64 | 6.8.8 | 9.63 | 80.39 | 90.02 | NOTE | |
r-release-linux-x86_64 | 6.8.8 | 10.41 | 79.11 | 89.52 | NOTE | |
r-release-macos-arm64 | 6.8.8 | 32.00 | OK | |||
r-release-windows-x86_64 | 6.8.8 | 8.00 | 74.00 | 82.00 | OK | |
r-oldrel-macos-arm64 | 6.8.8 | 34.00 | OK | |||
r-oldrel-macos-x86_64 | 6.8.8 | 59.00 | OK | |||
r-oldrel-windows-x86_64 | 6.8.8 | 11.00 | 87.00 | 98.00 | OK |
Version: 6.8.8
Check: for non-standard things in the check directory
Result: NOTE
Found the following files/directories:
‘APBinary_PPV.csv’ ‘APBinary_TPF.csv’
‘APBinary_ap_summary(method=perturbation,B=1500).csv’
‘APBinary_auc_summary(method=perturbation,B=1500).csv’
‘APSurv_PPV.csv’ ‘APSurv_TPF.csv’
‘APSurv_ap_summary(method=bootstrap,B=500).csv’
‘APSurv_auc_summary(method=bootstrap,B=500).csv’
‘CompareAP_Binary_dap_summary(method=none).csv’
‘CompareAP_Survival_dap_summary(method=bootstrap,B=500).csv’
Flavors: r-devel-linux-x86_64-debian-clang, r-devel-linux-x86_64-debian-gcc, r-devel-linux-x86_64-fedora-clang, r-devel-linux-x86_64-fedora-gcc, r-patched-linux-x86_64, r-release-linux-x86_64