Last updated on 2024-05-08 01:48:09 CEST.
Flavor | Version | Tinstall | Tcheck | Ttotal | Status | Flags |
---|---|---|---|---|---|---|
r-devel-linux-x86_64-debian-clang | 0.2.0 | 32.21 | 52.54 | 84.75 | NOTE | |
r-devel-linux-x86_64-debian-gcc | 0.2.0 | 26.52 | 40.25 | 66.77 | NOTE | |
r-devel-linux-x86_64-fedora-clang | 0.2.0 | 125.17 | NOTE | |||
r-devel-linux-x86_64-fedora-gcc | 0.2.0 | 137.29 | NOTE | |||
r-devel-windows-x86_64 | 0.2.0 | 30.00 | 107.00 | 137.00 | NOTE | |
r-patched-linux-x86_64 | 0.2.0 | 31.21 | 52.36 | 83.57 | NOTE | |
r-release-linux-x86_64 | 0.2.0 | 34.14 | 51.44 | 85.58 | NOTE | |
r-release-macos-arm64 | 0.2.0 | 42.00 | NOTE | |||
r-release-windows-x86_64 | 0.2.0 | 28.00 | 107.00 | 135.00 | NOTE | |
r-oldrel-macos-arm64 | 0.2.0 | 47.00 | NOTE | |||
r-oldrel-macos-x86_64 | 0.2.0 | 59.00 | NOTE | |||
r-oldrel-windows-x86_64 | 0.2.0 | 35.00 | 105.00 | 140.00 | NOTE |
Version: 0.2.0
Check: C++ specification
Result: NOTE
Specified C++11: please drop specification unless essential
Flavors: r-devel-linux-x86_64-debian-clang, r-devel-linux-x86_64-debian-gcc, r-devel-linux-x86_64-fedora-clang, r-devel-linux-x86_64-fedora-gcc, r-devel-windows-x86_64, r-patched-linux-x86_64, r-release-linux-x86_64, r-release-macos-arm64, r-release-windows-x86_64, r-oldrel-macos-arm64, r-oldrel-macos-x86_64, r-oldrel-windows-x86_64
Version: 0.2.0
Check: LazyData
Result: NOTE
'LazyData' is specified without a 'data' directory
Flavors: r-devel-linux-x86_64-debian-clang, r-devel-linux-x86_64-debian-gcc, r-devel-linux-x86_64-fedora-clang, r-devel-linux-x86_64-fedora-gcc, r-devel-windows-x86_64, r-patched-linux-x86_64, r-release-linux-x86_64, r-release-macos-arm64, r-release-windows-x86_64, r-oldrel-macos-arm64, r-oldrel-macos-x86_64, r-oldrel-windows-x86_64
Version: 0.2.0
Check: package dependencies
Result: NOTE
Package suggested but not available for checking: ‘sparsenet’
Flavor: r-oldrel-macos-x86_64