Last updated on 2024-05-02 06:11:43 CEST.
Flavor | Version | Tinstall | Tcheck | Ttotal | Status | Flags |
---|---|---|---|---|---|---|
r-devel-linux-x86_64-debian-clang | 1.0.5 | 13.60 | 59.80 | 73.40 | OK | |
r-devel-linux-x86_64-debian-gcc | 1.0.5 | 9.53 | 42.31 | 51.84 | OK | |
r-devel-linux-x86_64-fedora-clang | 1.0.5 | 97.31 | OK | |||
r-devel-linux-x86_64-fedora-gcc | 1.0.5 | 89.21 | OK | |||
r-devel-windows-x86_64 | 1.0.5 | 11.00 | 72.00 | 83.00 | NOTE | |
r-patched-linux-x86_64 | 1.0.5 | 14.04 | 55.38 | 69.42 | OK | |
r-release-linux-x86_64 | 1.0.5 | 12.34 | 54.76 | 67.10 | OK | |
r-release-macos-arm64 | 1.0.5 | 35.00 | OK | |||
r-release-windows-x86_64 | 1.0.5 | 12.00 | 71.00 | 83.00 | NOTE | |
r-oldrel-macos-arm64 | 1.0.5 | 33.00 | OK | |||
r-oldrel-macos-x86_64 | 1.0.5 | 53.00 | OK | |||
r-oldrel-windows-x86_64 | 1.0.5 | 14.00 | 81.00 | 95.00 | NOTE |
Version: 1.0.5
Check: C++ specification
Result: NOTE
Specified C++11: please drop specification unless essential
Flavors: r-devel-windows-x86_64, r-release-windows-x86_64, r-oldrel-windows-x86_64