Last updated on 2024-05-08 01:48:08 CEST.
Flavor | Version | Tinstall | Tcheck | Ttotal | Status | Flags |
---|---|---|---|---|---|---|
r-devel-linux-x86_64-debian-clang | 0.2.0 | 6.43 | 35.38 | 41.81 | NOTE | |
r-devel-linux-x86_64-debian-gcc | 0.2.0 | 5.39 | 26.80 | 32.19 | NOTE | |
r-devel-linux-x86_64-fedora-clang | 0.2.0 | 53.50 | NOTE | |||
r-devel-linux-x86_64-fedora-gcc | 0.2.0 | 53.58 | NOTE | |||
r-devel-windows-x86_64 | 0.2.0 | 7.00 | 50.00 | 57.00 | NOTE | |
r-patched-linux-x86_64 | 0.2.0 | 7.58 | 34.83 | 42.41 | NOTE | |
r-release-linux-x86_64 | 0.2.0 | 6.04 | 34.76 | 40.80 | NOTE | |
r-release-macos-arm64 | 0.2.0 | 21.00 | NOTE | |||
r-release-windows-x86_64 | 0.2.0 | 7.00 | 49.00 | 56.00 | NOTE | |
r-oldrel-macos-arm64 | 0.2.0 | 22.00 | NOTE | |||
r-oldrel-macos-x86_64 | 0.2.0 | 29.00 | NOTE | |||
r-oldrel-windows-x86_64 | 0.2.0 | 8.00 | 49.00 | 57.00 | NOTE |
Version: 0.2.0
Check: LazyData
Result: NOTE
'LazyData' is specified without a 'data' directory
Flavors: r-devel-linux-x86_64-debian-clang, r-devel-linux-x86_64-debian-gcc, r-devel-linux-x86_64-fedora-clang, r-devel-linux-x86_64-fedora-gcc, r-devel-windows-x86_64, r-patched-linux-x86_64, r-release-linux-x86_64, r-release-macos-arm64, r-release-windows-x86_64, r-oldrel-macos-arm64, r-oldrel-macos-x86_64, r-oldrel-windows-x86_64
Version: 0.2.0
Check: dependencies in R code
Result: NOTE
Namespace in Imports field not imported from: ‘testthat’
All declared Imports should be used.
Flavors: r-devel-linux-x86_64-fedora-clang, r-devel-linux-x86_64-fedora-gcc