Last updated on 2024-05-07 09:58:47 CEST.
Flavor | Version | Tinstall | Tcheck | Ttotal | Status | Flags |
---|---|---|---|---|---|---|
r-devel-linux-x86_64-debian-clang | 1.4.3 | 8.29 | 146.33 | 154.62 | NOTE | |
r-devel-linux-x86_64-debian-gcc | 1.4.3 | 5.02 | 121.78 | 126.80 | NOTE | |
r-devel-linux-x86_64-fedora-clang | 1.4.3 | 189.53 | NOTE | |||
r-devel-linux-x86_64-fedora-gcc | 1.4.3 | 203.08 | NOTE | |||
r-devel-windows-x86_64 | 1.4.3 | 8.00 | 139.00 | 147.00 | NOTE | |
r-patched-linux-x86_64 | 1.4.3 | 9.83 | 148.55 | 158.38 | NOTE | |
r-release-linux-x86_64 | 1.4.3 | 8.00 | 145.18 | 153.18 | NOTE | |
r-release-macos-arm64 | 1.4.3 | 67.00 | NOTE | |||
r-release-windows-x86_64 | 1.4.3 | 7.00 | 136.00 | 143.00 | NOTE | |
r-oldrel-macos-arm64 | 1.4.3 | 70.00 | OK | |||
r-oldrel-macos-x86_64 | 1.4.3 | 107.00 | OK | |||
r-oldrel-windows-x86_64 | 1.4.3 | 9.00 | 173.00 | 182.00 | OK |
Version: 1.4.3
Check: Rd files
Result: NOTE
checkRd: (-1) ExperimentJob.Rd:14: Lost braces
14 | \item{\code{algo.id} [\code{character(1)}]:}{algo.id}{Algorithm ID.}
| ^
checkRd: (-1) getAlgorithmIds.Rd:13: Lost braces
13 | \item{ids}{[code{integer}]\cr
| ^
checkRd: (-1) getProblemIds.Rd:13: Lost braces
13 | \item{ids}{[code{integer}]\cr
| ^
checkRd: (-1) makeExperimentRegistry.Rd:28: Lost braces
28 | Default is dQuote{<name of registry>_files} in current working directory.}
| ^
Flavors: r-devel-linux-x86_64-debian-clang, r-devel-linux-x86_64-debian-gcc, r-devel-linux-x86_64-fedora-clang, r-devel-linux-x86_64-fedora-gcc, r-devel-windows-x86_64, r-patched-linux-x86_64, r-release-linux-x86_64, r-release-macos-arm64, r-release-windows-x86_64