Last updated on 2024-05-08 01:48:08 CEST.
Flavor | Version | Tinstall | Tcheck | Ttotal | Status | Flags |
---|---|---|---|---|---|---|
r-devel-linux-x86_64-debian-clang | 1.0.0 | 406.95 | 267.58 | 674.53 | NOTE | |
r-devel-linux-x86_64-debian-gcc | 1.0.0 | 381.39 | 213.99 | 595.38 | NOTE | |
r-devel-linux-x86_64-fedora-clang | 1.0.0 | 834.52 | NOTE | |||
r-devel-linux-x86_64-fedora-gcc | 1.0.0 | 1097.38 | NOTE | |||
r-devel-windows-x86_64 | 1.0.0 | 337.00 | 231.00 | 568.00 | NOTE | |
r-patched-linux-x86_64 | 1.0.0 | 342.18 | 284.27 | 626.45 | NOTE | |
r-release-linux-x86_64 | 1.0.0 | 0.01 | 2.41 | 2.42 | ERROR | |
r-release-macos-arm64 | 1.0.0 | 213.00 | NOTE | |||
r-release-windows-x86_64 | 1.0.0 | 332.00 | 224.00 | 556.00 | NOTE | |
r-oldrel-macos-arm64 | 1.0.0 | 191.00 | NOTE | |||
r-oldrel-macos-x86_64 | 1.0.0 | 515.00 | NOTE | |||
r-oldrel-windows-x86_64 | 1.0.0 | 400.00 | 285.00 | 685.00 | NOTE |
Version: 1.0.0
Check: for GNU extensions in Makefiles
Result: NOTE
GNU make is a SystemRequirements.
Flavors: r-devel-linux-x86_64-debian-clang, r-devel-linux-x86_64-debian-gcc, r-devel-linux-x86_64-fedora-clang, r-devel-linux-x86_64-fedora-gcc, r-devel-windows-x86_64, r-patched-linux-x86_64, r-release-macos-arm64, r-release-windows-x86_64, r-oldrel-macos-arm64, r-oldrel-macos-x86_64, r-oldrel-windows-x86_64
Version: 1.0.0
Check: installed package size
Result: NOTE
installed size is 5.2Mb
sub-directories of 1Mb or more:
libs 3.6Mb
Flavors: r-devel-linux-x86_64-fedora-clang, r-release-macos-arm64, r-oldrel-macos-arm64, r-oldrel-macos-x86_64
Version: 1.0.0
Check: whether package can be installed
Result: ERROR
Installation failed.
Flavor: r-release-linux-x86_64