Last updated on 2024-05-08 01:48:08 CEST.
Flavor | Version | Tinstall | Tcheck | Ttotal | Status | Flags |
---|---|---|---|---|---|---|
r-devel-linux-x86_64-debian-clang | 1.1.0 | 9.24 | 91.08 | 100.32 | OK | |
r-devel-linux-x86_64-debian-gcc | 1.1.0 | 6.39 | 64.31 | 70.70 | OK | |
r-devel-linux-x86_64-fedora-clang | 1.1.0 | 128.18 | NOTE | |||
r-devel-linux-x86_64-fedora-gcc | 1.1.0 | 153.60 | NOTE | |||
r-devel-windows-x86_64 | 1.1.0 | 8.00 | 91.00 | 99.00 | OK | |
r-patched-linux-x86_64 | 1.1.0 | 7.49 | 87.44 | 94.93 | OK | |
r-release-linux-x86_64 | 1.1.0 | 8.15 | 86.65 | 94.80 | OK | |
r-release-macos-arm64 | 1.1.0 | 50.00 | OK | |||
r-release-windows-x86_64 | 1.1.0 | 7.00 | 90.00 | 97.00 | OK | |
r-oldrel-macos-arm64 | 1.1.0 | 53.00 | OK | |||
r-oldrel-macos-x86_64 | 1.1.0 | 91.00 | OK | |||
r-oldrel-windows-x86_64 | 1.1.0 | 10.00 | 97.00 | 107.00 | OK |
Version: 1.1.0
Check: dependencies in R code
Result: NOTE
Namespaces in Imports field not imported from:
‘MASS’ ‘Matrix’ ‘matrixcalc’ ‘stats’
All declared Imports should be used.
Flavors: r-devel-linux-x86_64-fedora-clang, r-devel-linux-x86_64-fedora-gcc