Last updated on 2024-05-07 06:11:31 CEST.
Flavor | Version | Tinstall | Tcheck | Ttotal | Status | Flags |
---|---|---|---|---|---|---|
r-devel-linux-x86_64-debian-clang | 1.2.3 | 432.97 | 252.38 | 685.35 | NOTE | |
r-devel-linux-x86_64-debian-gcc | 1.2.3 | 398.69 | 204.12 | 602.81 | NOTE | |
r-devel-linux-x86_64-fedora-clang | 1.2.3 | 891.22 | NOTE | |||
r-devel-linux-x86_64-fedora-gcc | 1.2.3 | 1249.11 | NOTE | |||
r-devel-windows-x86_64 | 1.2.3 | 316.00 | 237.00 | 553.00 | NOTE | |
r-patched-linux-x86_64 | 1.2.3 | 390.09 | 266.34 | 656.43 | NOTE | |
r-release-linux-x86_64 | 1.2.3 | 454.74 | 267.23 | 721.97 | NOTE | |
r-release-macos-arm64 | 1.2.3 | 202.00 | NOTE | |||
r-release-windows-x86_64 | 1.2.3 | 318.00 | 234.00 | 552.00 | NOTE | |
r-oldrel-macos-arm64 | 1.2.3 | 142.00 | NOTE | |||
r-oldrel-macos-x86_64 | 1.2.3 | 172.00 | NOTE | |||
r-oldrel-windows-x86_64 | 1.2.3 | 331.00 | 296.00 | 627.00 | NOTE |
Version: 1.2.3
Check: for GNU extensions in Makefiles
Result: NOTE
GNU make is a SystemRequirements.
Flavors: r-devel-linux-x86_64-debian-clang, r-devel-linux-x86_64-debian-gcc, r-devel-linux-x86_64-fedora-clang, r-devel-linux-x86_64-fedora-gcc, r-devel-windows-x86_64, r-patched-linux-x86_64, r-release-linux-x86_64, r-release-macos-arm64, r-release-windows-x86_64, r-oldrel-macos-arm64, r-oldrel-macos-x86_64, r-oldrel-windows-x86_64
Version: 1.2.3
Check: installed package size
Result: NOTE
installed size is 8.1Mb
sub-directories of 1Mb or more:
data 1.3Mb
help 1.9Mb
libs 3.8Mb
Flavors: r-devel-linux-x86_64-fedora-clang, r-devel-windows-x86_64, r-release-macos-arm64, r-release-windows-x86_64, r-oldrel-macos-arm64, r-oldrel-macos-x86_64, r-oldrel-windows-x86_64