Last updated on 2024-05-07 17:50:01 CEST.
Flavor | Version | Tinstall | Tcheck | Ttotal | Status | Flags |
---|---|---|---|---|---|---|
r-devel-linux-x86_64-debian-clang | 1.0.10 | 5.52 | 63.40 | 68.92 | NOTE | |
r-devel-linux-x86_64-debian-gcc | 1.0.10 | 4.54 | 49.00 | 53.54 | NOTE | |
r-devel-linux-x86_64-fedora-clang | 1.0.10 | 88.53 | NOTE | |||
r-devel-linux-x86_64-fedora-gcc | 1.0.10 | 83.52 | NOTE | |||
r-devel-windows-x86_64 | 1.0.10 | 5.00 | 71.00 | 76.00 | OK | |
r-patched-linux-x86_64 | 1.0.10 | 5.65 | 62.04 | 67.69 | NOTE | |
r-release-linux-x86_64 | 1.0.10 | 5.97 | 62.60 | 68.57 | NOTE | |
r-release-macos-arm64 | 1.0.10 | 29.00 | OK | |||
r-release-macos-x86_64 | 1.0.10 | 99.00 | OK | |||
r-release-windows-x86_64 | 1.0.10 | 6.00 | 70.00 | 76.00 | OK | |
r-oldrel-macos-arm64 | 1.0.10 | 32.00 | OK | |||
r-oldrel-macos-x86_64 | 1.0.10 | 32.00 | OK | |||
r-oldrel-windows-x86_64 | 1.0.10 | 4.00 | 79.00 | 83.00 | OK |
Version: 1.0.10
Check: for non-standard things in the check directory
Result: NOTE
Found the following files/directories:
‘fabiabreast.txt’
Flavors: r-devel-linux-x86_64-debian-clang, r-devel-linux-x86_64-debian-gcc, r-devel-linux-x86_64-fedora-clang, r-devel-linux-x86_64-fedora-gcc, r-patched-linux-x86_64, r-release-linux-x86_64