Last updated on 2024-05-02 09:51:25 CEST.
Flavor | Version | Tinstall | Tcheck | Ttotal | Status | Flags |
---|---|---|---|---|---|---|
r-devel-linux-x86_64-debian-clang | 4.7.6 | 10.31 | 456.67 | 466.98 | NOTE | |
r-devel-linux-x86_64-debian-gcc | 4.7.6 | 9.46 | 337.38 | 346.84 | NOTE | |
r-devel-linux-x86_64-fedora-clang | 4.7.6 | 627.33 | NOTE | |||
r-devel-linux-x86_64-fedora-gcc | 4.7.6 | 614.35 | NOTE | |||
r-devel-windows-x86_64 | 4.7.6 | 13.00 | 329.00 | 342.00 | NOTE | |
r-patched-linux-x86_64 | 4.7.6 | 15.76 | 433.03 | 448.79 | NOTE | |
r-release-linux-x86_64 | 4.7.6 | 10.19 | 443.02 | 453.21 | NOTE | |
r-release-macos-arm64 | 4.7.6 | 158.00 | NOTE | |||
r-release-windows-x86_64 | 4.7.6 | 14.00 | 323.00 | 337.00 | NOTE | |
r-oldrel-macos-arm64 | 4.7.6 | 209.00 | NOTE | |||
r-oldrel-macos-x86_64 | 4.7.6 | 353.00 | NOTE | |||
r-oldrel-windows-x86_64 | 4.7.6 | 15.00 | 437.00 | 452.00 | NOTE |
Version: 4.7.6
Check: Rd files
Result: NOTE
checkRd: (-1) BchronDensity.Rd:47: Lost braces in \itemize; \value handles \item{}{} directly
checkRd: (-1) BchronDensity.Rd:48: Lost braces in \itemize; \value handles \item{}{} directly
checkRd: (-1) BchronDensity.Rd:49: Lost braces in \itemize; \value handles \item{}{} directly
checkRd: (-1) BchronDensity.Rd:50: Lost braces in \itemize; \value handles \item{}{} directly
checkRd: (-1) BchronDensity.Rd:51: Lost braces in \itemize; \value handles \item{}{} directly
checkRd: (-1) BchronDensity.Rd:52: Lost braces in \itemize; \value handles \item{}{} directly
checkRd: (-1) BchronDensity.Rd:53: Lost braces in \itemize; \value handles \item{}{} directly
checkRd: (-1) BchronRSL.Rd:34-41: Lost braces
34 | itemize{
| ^
checkRd: (-1) Glendalough.Rd:19: Escaped LaTeX specials: \&
checkRd: (-1) Sluggan.Rd:19: Escaped LaTeX specials: \&
Flavors: r-devel-linux-x86_64-debian-clang, r-devel-linux-x86_64-debian-gcc, r-devel-linux-x86_64-fedora-clang, r-devel-linux-x86_64-fedora-gcc, r-devel-windows-x86_64, r-patched-linux-x86_64, r-release-linux-x86_64, r-release-macos-arm64, r-release-windows-x86_64
Version: 4.7.6
Check: Rd files
Result: NOTE
checkRd: (-1) Glendalough.Rd:19: Escaped LaTeX specials: \&
checkRd: (-1) Sluggan.Rd:19: Escaped LaTeX specials: \&
Flavors: r-oldrel-macos-arm64, r-oldrel-macos-x86_64, r-oldrel-windows-x86_64