Last updated on 2024-05-04 09:49:30 CEST.
Flavor | Version | Tinstall | Tcheck | Ttotal | Status | Flags |
---|---|---|---|---|---|---|
r-devel-linux-x86_64-debian-clang | 0.2.0 | 7.91 | 49.42 | 57.33 | OK | |
r-devel-linux-x86_64-debian-gcc | 0.2.0 | 6.96 | 38.18 | 45.14 | OK | |
r-devel-linux-x86_64-fedora-clang | 0.2.0 | 76.82 | NOTE | |||
r-devel-linux-x86_64-fedora-gcc | 0.2.0 | 83.76 | NOTE | |||
r-devel-windows-x86_64 | 0.2.0 | 7.00 | 80.00 | 87.00 | OK | |
r-patched-linux-x86_64 | 0.2.0 | 8.47 | 46.80 | 55.27 | OK | |
r-release-linux-x86_64 | 0.2.0 | 6.96 | 47.53 | 54.49 | OK | |
r-release-macos-arm64 | 0.2.0 | 34.00 | OK | |||
r-release-windows-x86_64 | 0.2.0 | 7.00 | 79.00 | 86.00 | OK | |
r-oldrel-macos-arm64 | 0.2.0 | 32.00 | OK | |||
r-oldrel-macos-x86_64 | 0.2.0 | 52.00 | OK | |||
r-oldrel-windows-x86_64 | 0.2.0 | 10.00 | 73.00 | 83.00 | OK |
Version: 0.2.0
Check: dependencies in R code
Result: NOTE
Namespace in Imports field not imported from: ‘data.table’
All declared Imports should be used.
Flavors: r-devel-linux-x86_64-fedora-clang, r-devel-linux-x86_64-fedora-gcc