Last updated on 2024-05-08 01:48:10 CEST.
Flavor | Version | Tinstall | Tcheck | Ttotal | Status | Flags |
---|---|---|---|---|---|---|
r-devel-linux-x86_64-debian-clang | 0.9.0 | 176.75 | 50.95 | 227.70 | NOTE | |
r-devel-linux-x86_64-debian-gcc | 0.9.0 | 133.67 | 38.50 | 172.17 | NOTE | |
r-devel-linux-x86_64-fedora-clang | 0.9.0 | 342.55 | NOTE | |||
r-devel-linux-x86_64-fedora-gcc | 0.9.0 | 344.20 | NOTE | |||
r-devel-windows-x86_64 | 0.9.0 | 137.00 | 92.00 | 229.00 | NOTE | |
r-patched-linux-x86_64 | 0.9.0 | 166.60 | 49.19 | 215.79 | NOTE | |
r-release-linux-x86_64 | 0.9.0 | 165.24 | 49.10 | 214.34 | NOTE | |
r-release-macos-arm64 | 0.9.0 | 59.00 | NOTE | |||
r-release-windows-x86_64 | 0.9.0 | 137.00 | 86.00 | 223.00 | NOTE | |
r-oldrel-macos-arm64 | 0.9.0 | 81.00 | NOTE | |||
r-oldrel-macos-x86_64 | 0.9.0 | 129.00 | NOTE | |||
r-oldrel-windows-x86_64 | 0.9.0 | 164.00 | 98.00 | 262.00 | NOTE |
Version: 0.9.0
Check: C++ specification
Result: NOTE
Specified C++11: please drop specification unless essential
Flavors: r-devel-linux-x86_64-debian-clang, r-devel-linux-x86_64-debian-gcc, r-devel-linux-x86_64-fedora-clang, r-devel-linux-x86_64-fedora-gcc, r-devel-windows-x86_64, r-patched-linux-x86_64, r-release-linux-x86_64, r-release-macos-arm64, r-release-windows-x86_64, r-oldrel-macos-arm64, r-oldrel-macos-x86_64, r-oldrel-windows-x86_64
Version: 0.9.0
Check: dependencies in R code
Result: NOTE
Namespaces in Imports field not imported from:
‘RInside’ ‘circular’
All declared Imports should be used.
Flavors: r-devel-linux-x86_64-fedora-clang, r-devel-linux-x86_64-fedora-gcc
Version: 0.9.0
Check: installed package size
Result: NOTE
installed size is 7.1Mb
sub-directories of 1Mb or more:
data 1.8Mb
libs 4.7Mb
Flavors: r-release-macos-arm64, r-oldrel-macos-arm64, r-oldrel-macos-x86_64