Last updated on 2024-05-06 01:48:18 CEST.
Flavor | Version | Tinstall | Tcheck | Ttotal | Status | Flags |
---|---|---|---|---|---|---|
r-devel-linux-x86_64-debian-clang | 0.2.21 | 6.49 | 52.77 | 59.26 | NOTE | |
r-devel-linux-x86_64-debian-gcc | 0.2.21 | 5.06 | 39.32 | 44.38 | NOTE | |
r-devel-linux-x86_64-fedora-clang | 0.2.21 | 75.53 | NOTE | |||
r-devel-linux-x86_64-fedora-gcc | 0.2.21 | 69.93 | NOTE | |||
r-devel-windows-x86_64 | 0.2.21 | 6.00 | 61.00 | 67.00 | NOTE | |
r-patched-linux-x86_64 | 0.2.21 | 10.68 | 50.48 | 61.16 | NOTE | |
r-release-linux-x86_64 | 0.2.21 | 6.37 | 51.01 | 57.38 | NOTE | |
r-release-macos-arm64 | 0.2.21 | 23.00 | NOTE | |||
r-release-windows-x86_64 | 0.2.21 | 6.00 | 63.00 | 69.00 | NOTE | |
r-oldrel-macos-arm64 | 0.2.21 | 24.00 | OK | |||
r-oldrel-macos-x86_64 | 0.2.21 | 38.00 | OK | |||
r-oldrel-windows-x86_64 | 0.2.21 | 8.00 | 66.00 | 74.00 | OK |
Version: 0.2.21
Check: Rd files
Result: NOTE
checkRd: (-1) StartEnd.Rd:31: Lost braces in \itemize; \value handles \item{}{} directly
checkRd: (-1) StartEnd.Rd:32: Lost braces in \itemize; \value handles \item{}{} directly
Flavors: r-devel-linux-x86_64-debian-clang, r-devel-linux-x86_64-debian-gcc, r-devel-linux-x86_64-fedora-clang, r-devel-linux-x86_64-fedora-gcc, r-devel-windows-x86_64, r-patched-linux-x86_64, r-release-linux-x86_64, r-release-macos-arm64, r-release-windows-x86_64