Last updated on 2024-05-01 13:53:50 CEST.
Flavor | Version | Tinstall | Tcheck | Ttotal | Status | Flags |
---|---|---|---|---|---|---|
r-devel-linux-x86_64-debian-clang | 0.4-6 | 9.12 | 61.52 | 70.64 | NOTE | |
r-devel-linux-x86_64-debian-gcc | 0.4-6 | 5.71 | 45.95 | 51.66 | NOTE | |
r-devel-linux-x86_64-fedora-clang | 0.4-6 | 89.00 | NOTE | |||
r-devel-linux-x86_64-fedora-gcc | 0.4-6 | 85.89 | NOTE | |||
r-devel-windows-x86_64 | 0.4-6 | 8.00 | 65.00 | 73.00 | OK | |
r-patched-linux-x86_64 | 0.4-6 | 6.17 | 58.66 | 64.83 | NOTE | |
r-release-linux-x86_64 | 0.4-6 | 7.94 | 58.63 | 66.57 | NOTE | |
r-release-macos-arm64 | 0.4-6 | 27.00 | NOTE | |||
r-release-windows-x86_64 | 0.4-6 | 8.00 | 65.00 | 73.00 | OK | |
r-oldrel-macos-arm64 | 0.4-6 | 32.00 | OK | |||
r-oldrel-macos-x86_64 | 0.4-6 | 61.00 | OK | |||
r-oldrel-windows-x86_64 | 0.4-6 | 11.00 | 76.00 | 87.00 | NOTE |
Version: 0.4-6
Check: package dependencies
Result: NOTE
Package suggested but not available for checking: ‘lavaan.survey’
Flavors: r-devel-linux-x86_64-debian-clang, r-devel-linux-x86_64-debian-gcc, r-devel-linux-x86_64-fedora-clang, r-devel-linux-x86_64-fedora-gcc, r-patched-linux-x86_64, r-release-linux-x86_64, r-release-macos-arm64, r-oldrel-windows-x86_64